{"id":1048,"date":"2024-09-12T18:55:40","date_gmt":"2024-09-12T18:55:40","guid":{"rendered":"https:\/\/paginaendesarrollo.com\/abogados\/?page_id=1048"},"modified":"2024-12-23T20:53:41","modified_gmt":"2024-12-23T20:53:41","slug":"blog","status":"publish","type":"page","link":"https:\/\/paginaendesarrollo.com\/abogados\/blog\/","title":{"rendered":"Blog"},"content":{"rendered":"\t\t<div data-elementor-type=\"wp-page\" data-elementor-id=\"1048\" class=\"elementor elementor-1048\">\n\t\t\t\t\t\t<section class=\"elementor-section elementor-top-section elementor-element elementor-element-ffbe653 elementor-section-height-min-height elementor-section-boxed elementor-section-height-default elementor-section-items-middle wpr-particle-no wpr-jarallax-no wpr-parallax-no wpr-sticky-section-no\" data-id=\"ffbe653\" data-element_type=\"section\" data-settings=\"{&quot;background_background&quot;:&quot;classic&quot;,&quot;shape_divider_bottom&quot;:&quot;tilt&quot;}\">\n\t\t\t\t\t\t\t<div class=\"elementor-background-overlay\"><\/div>\n\t\t\t\t\t\t<div class=\"elementor-shape elementor-shape-bottom\" data-negative=\"false\">\n\t\t\t<svg xmlns=\"http:\/\/www.w3.org\/2000\/svg\" viewBox=\"0 0 1000 100\" preserveAspectRatio=\"none\">\n\t<path class=\"elementor-shape-fill\" d=\"M0,6V0h1000v100L0,6z\"\/>\n<\/svg>\t\t<\/div>\n\t\t\t\t\t<div class=\"elementor-container elementor-column-gap-default\">\n\t\t\t\t\t<div class=\"elementor-column elementor-col-100 elementor-top-column elementor-element elementor-element-e3d93b2\" data-id=\"e3d93b2\" data-element_type=\"column\">\n\t\t\t<div class=\"elementor-widget-wrap elementor-element-populated\">\n\t\t\t\t\t\t<div class=\"elementor-element elementor-element-0ed5162 elementor-widget elementor-widget-heading\" data-id=\"0ed5162\" data-element_type=\"widget\" data-widget_type=\"heading.default\">\n\t\t\t\t<div class=\"elementor-widget-container\">\n\t\t\t<h2 class=\"elementor-heading-title elementor-size-default\">Blog<\/h2>\t\t<\/div>\n\t\t\t\t<\/div>\n\t\t\t\t\t<\/div>\n\t\t<\/div>\n\t\t\t\t\t<\/div>\n\t\t<\/section>\n\t\t\t\t<section class=\"elementor-section elementor-top-section elementor-element elementor-element-7afda48 elementor-section-boxed elementor-section-height-default elementor-section-height-default wpr-particle-no wpr-jarallax-no wpr-parallax-no wpr-sticky-section-no\" data-id=\"7afda48\" data-element_type=\"section\">\n\t\t\t\t\t\t<div class=\"elementor-container elementor-column-gap-default\">\n\t\t\t\t\t<div class=\"elementor-column elementor-col-100 elementor-top-column elementor-element elementor-element-0bf320c\" data-id=\"0bf320c\" data-element_type=\"column\">\n\t\t\t<div class=\"elementor-widget-wrap elementor-element-populated\">\n\t\t\t\t\t\t<div class=\"elementor-element elementor-element-be0f919 elementor-widget elementor-widget-spacer\" data-id=\"be0f919\" data-element_type=\"widget\" data-widget_type=\"spacer.default\">\n\t\t\t\t<div class=\"elementor-widget-container\">\n\t\t\t\t\t<div class=\"elementor-spacer\">\n\t\t\t<div class=\"elementor-spacer-inner\"><\/div>\n\t\t<\/div>\n\t\t\t\t<\/div>\n\t\t\t\t<\/div>\n\t\t\t\t\t<\/div>\n\t\t<\/div>\n\t\t\t\t\t<\/div>\n\t\t<\/section>\n\t\t\t\t<section class=\"elementor-section elementor-top-section elementor-element elementor-element-00a0b75 elementor-section-boxed elementor-section-height-default elementor-section-height-default wpr-particle-no wpr-jarallax-no wpr-parallax-no wpr-sticky-section-no\" data-id=\"00a0b75\" data-element_type=\"section\">\n\t\t\t\t\t\t<div class=\"elementor-container elementor-column-gap-default\">\n\t\t\t\t\t<div class=\"elementor-column elementor-col-100 elementor-top-column elementor-element elementor-element-eb0f729\" data-id=\"eb0f729\" data-element_type=\"column\">\n\t\t\t<div class=\"elementor-widget-wrap elementor-element-populated\">\n\t\t\t\t\t\t<div class=\"elementor-element elementor-element-d103347 elementor-widget__width-auto elementor-icon-list--layout-traditional elementor-list-item-link-full_width elementor-widget elementor-widget-icon-list\" data-id=\"d103347\" data-element_type=\"widget\" data-widget_type=\"icon-list.default\">\n\t\t\t\t<div class=\"elementor-widget-container\">\n\t\t\t\t\t<ul class=\"elementor-icon-list-items\">\n\t\t\t\t\t\t\t<li class=\"elementor-icon-list-item\">\n\t\t\t\t\t\t\t\t\t\t\t<span class=\"elementor-icon-list-icon\">\n\t\t\t\t\t\t\t<svg aria-hidden=\"true\" class=\"e-font-icon-svg e-fas-balance-scale\" viewBox=\"0 0 640 512\" xmlns=\"http:\/\/www.w3.org\/2000\/svg\"><path d=\"M256 336h-.02c0-16.18 1.34-8.73-85.05-181.51-17.65-35.29-68.19-35.36-85.87 0C-2.06 328.75.02 320.33.02 336H0c0 44.18 57.31 80 128 80s128-35.82 128-80zM128 176l72 144H56l72-144zm511.98 160c0-16.18 1.34-8.73-85.05-181.51-17.65-35.29-68.19-35.36-85.87 0-87.12 174.26-85.04 165.84-85.04 181.51H384c0 44.18 57.31 80 128 80s128-35.82 128-80h-.02zM440 320l72-144 72 144H440zm88 128H352V153.25c23.51-10.29 41.16-31.48 46.39-57.25H528c8.84 0 16-7.16 16-16V48c0-8.84-7.16-16-16-16H383.64C369.04 12.68 346.09 0 320 0s-49.04 12.68-63.64 32H112c-8.84 0-16 7.16-16 16v32c0 8.84 7.16 16 16 16h129.61c5.23 25.76 22.87 46.96 46.39 57.25V448H112c-8.84 0-16 7.16-16 16v32c0 8.84 7.16 16 16 16h416c8.84 0 16-7.16 16-16v-32c0-8.84-7.16-16-16-16z\"><\/path><\/svg>\t\t\t\t\t\t<\/span>\n\t\t\t\t\t\t\t\t\t\t<span class=\"elementor-icon-list-text\">\u00daltimas novedades <\/span>\n\t\t\t\t\t\t\t\t\t<\/li>\n\t\t\t\t\t\t<\/ul>\n\t\t\t\t<\/div>\n\t\t\t\t<\/div>\n\t\t\t\t<div class=\"elementor-element elementor-element-310cf21 premium-mask-yes premium-header-inline premium-mask-tr elementor-widget elementor-widget-premium-addon-dual-header\" data-id=\"310cf21\" data-element_type=\"widget\" data-widget_type=\"premium-addon-dual-header.default\">\n\t\t\t\t<div class=\"elementor-widget-container\">\n\t\t\t\r\n\t\t\t\t\t<h2 class=\"premium-dual-header-first-header \"><span class=\"premium-dual-header-first-span\"> <\/span><span class=\"premium-dual-header-second-header \">Blog<\/span><\/h2> \t\t\r\n\t\t\t\t<\/div>\n\t\t\t\t<\/div>\n\t\t\t\t<div class=\"elementor-element elementor-element-22c45f8 elementor-widget__width-initial elementor-widget-mobile__width-inherit elementor-widget elementor-widget-text-editor\" data-id=\"22c45f8\" data-element_type=\"widget\" data-widget_type=\"text-editor.default\">\n\t\t\t\t<div class=\"elementor-widget-container\">\n\t\t\t\t\t\t\t<div class=\"flex-shrink-0 flex flex-col relative items-end\"><div class=\"pt-0\"><div class=\"gizmo-bot-avatar flex h-8 w-8 items-center justify-center overflow-hidden rounded-full\"><div class=\"relative p-1 rounded-sm flex items-center justify-center bg-token-main-surface-primary text-token-text-primary h-8 w-8\"><span style=\"font-weight: 400;\">En nuestro blog podr\u00e1s encontrar p\u00edldoras legales y consejos \u00fatiles y pr\u00e1cticos para empresas, inversores y particulares. <\/span><\/div><\/div><\/div><\/div>\t\t\t\t\t\t<\/div>\n\t\t\t\t<\/div>\n\t\t\t\t\t<\/div>\n\t\t<\/div>\n\t\t\t\t\t<\/div>\n\t\t<\/section>\n\t\t\t\t<section class=\"elementor-section elementor-top-section elementor-element elementor-element-3e16cd2 elementor-section-boxed elementor-section-height-default elementor-section-height-default wpr-particle-no wpr-jarallax-no wpr-parallax-no wpr-sticky-section-no\" data-id=\"3e16cd2\" data-element_type=\"section\">\n\t\t\t\t\t\t<div class=\"elementor-container elementor-column-gap-default\">\n\t\t\t\t\t<div class=\"elementor-column elementor-col-100 elementor-top-column elementor-element elementor-element-6bb8cf1\" data-id=\"6bb8cf1\" data-element_type=\"column\">\n\t\t\t<div class=\"elementor-widget-wrap elementor-element-populated\">\n\t\t\t\t\t\t<div class=\"elementor-element elementor-element-25a14ee blog_entradas elementor-widget elementor-widget-elementskit-blog-posts\" data-id=\"25a14ee\" data-element_type=\"widget\" data-widget_type=\"elementskit-blog-posts.default\">\n\t\t\t\t<div class=\"elementor-widget-container\">\n\t\t\t<div class=\"ekit-wid-con\" >        <div id=\"post-items--25a14ee\" class=\"row post-items\">\n                    <div class=\"col-lg-4 col-md-6\">\n\n                                    <div class=\"elementskit-post-image-card\">\n                        <div class=\"elementskit-entry-header\">\n                                                            <a href=\"https:\/\/paginaendesarrollo.com\/abogados\/como-navegar-el-mercado-de-capitales-estrategias-para-inversores-y-empresas\/\" class=\"elementskit-entry-thumb\">\n                                    <img decoding=\"async\" src=\"https:\/\/paginaendesarrollo.com\/abogados\/wp-content\/uploads\/2024\/09\/2150377123.jpg\" alt=\"\u00bfC\u00f3mo Navegar el Mercado de Capitales: Estrategias para Inversores y Empresas?\">\n                                <\/a><!-- .elementskit-entry-thumb END -->\n                                                                                                    <div class=\"elementskit-meta-lists\">\n                                        <div class=\"elementskit-single-meta\"><span class=\"elementskit-meta-wraper\"><strong>13<\/strong>Sep<\/span><\/div>\n                                    <\/div>\n                                                                                            \n                            \n\t\t\t\t\t\t\t\t\t\t\t\t\t<\/div><!-- .elementskit-entry-header END -->\n\n\t\t\t\t\t\t<div class=\"elementskit-post-body \">\n\t\t\t\t\t\t\t\n\t\t\t\t\t\t\t\t\t\t\t\t\t\t\t\t\t\t\t\t\t\t\t\t\t\n\t\t\t\t\t\t\t\t\n\t\t\t\t\t\t\t\t\t\t\t\t\t\t\t\t\t\t\t\t\t<h2 class=\"entry-title\">\n\t\t\t\t\t<a href=\"https:\/\/paginaendesarrollo.com\/abogados\/como-navegar-el-mercado-de-capitales-estrategias-para-inversores-y-empresas\/\">\n\t\t\t\t\t\t\u00bfC\u00f3mo Navegar el Mercado de Capitales:&hellip;\t\t\t\t\t<\/a>\n\t\t\t\t<\/h2>\n\t\t\t\t\t\t\t\t\t\t\t\t\t\t\t\t\t\t\t\t\t\t\t\t\t\t\t\t\t\t\t\t\t\t\t\t\t\t\t\t\t\t<p>El mercado de capitales es un espacio crucial para la financiaci\u00f3n de empresas y las oportunidades de inversi\u00f3n. Ya sea&hellip;<\/p>\n\t\t\t\t\t\t\t\t\t\t\t\t\t\t\t\t\t\t\t\t\t\t                                                            <div class=\"btn-wraper\">\n                                    \n                                                                            <a class=\"elementskit-btn whitespace--normal\" id=\"\" href=\"https:\/\/paginaendesarrollo.com\/abogados\/como-navegar-el-mercado-de-capitales-estrategias-para-inversores-y-empresas\/\">\n                                        \t                                            Leer M\u00e1s                                         <\/a>\n                                                                    <\/div>\n                                                    <\/div><!-- .elementskit-post-body END -->\n                    <\/div>\n                \n            <\/div>\n                    <div class=\"col-lg-4 col-md-6\">\n\n                                    <div class=\"elementskit-post-image-card\">\n                        <div class=\"elementskit-entry-header\">\n                                                            <a href=\"https:\/\/paginaendesarrollo.com\/abogados\/guia-completa-para-contratos-inmobiliarios-claves-para-una-transaccion-segura\/\" class=\"elementskit-entry-thumb\">\n                                    <img decoding=\"async\" src=\"https:\/\/paginaendesarrollo.com\/abogados\/wp-content\/uploads\/2024\/09\/2150164686.jpg\" alt=\"Gu\u00eda Completa para Contratos Inmobiliarios: Claves para una Transacci\u00f3n Segura\">\n                                <\/a><!-- .elementskit-entry-thumb END -->\n                                                                                                    <div class=\"elementskit-meta-lists\">\n                                        <div class=\"elementskit-single-meta\"><span class=\"elementskit-meta-wraper\"><strong>13<\/strong>Sep<\/span><\/div>\n                                    <\/div>\n                                                                                            \n                            \n\t\t\t\t\t\t\t\t\t\t\t\t\t<\/div><!-- .elementskit-entry-header END -->\n\n\t\t\t\t\t\t<div class=\"elementskit-post-body \">\n\t\t\t\t\t\t\t\n\t\t\t\t\t\t\t\t\t\t\t\t\t\t\t\t\t\t\t\t\t\t\t\t\t\n\t\t\t\t\t\t\t\t\n\t\t\t\t\t\t\t\t\t\t\t\t\t\t\t\t\t\t\t\t\t<h2 class=\"entry-title\">\n\t\t\t\t\t<a href=\"https:\/\/paginaendesarrollo.com\/abogados\/guia-completa-para-contratos-inmobiliarios-claves-para-una-transaccion-segura\/\">\n\t\t\t\t\t\tGu\u00eda Completa para Contratos Inmobiliarios: Claves&hellip;\t\t\t\t\t<\/a>\n\t\t\t\t<\/h2>\n\t\t\t\t\t\t\t\t\t\t\t\t\t\t\t\t\t\t\t\t\t\t\t\t\t\t\t\t\t\t\t\t\t\t\t\t\t\t\t\t\t\t<p>El mercado inmobiliario es un sector clave para la inversi\u00f3n y el crecimiento econ\u00f3mico, pero tambi\u00e9n implica una serie de&hellip;<\/p>\n\t\t\t\t\t\t\t\t\t\t\t\t\t\t\t\t\t\t\t\t\t\t                                                            <div class=\"btn-wraper\">\n                                    \n                                                                            <a class=\"elementskit-btn whitespace--normal\" id=\"\" href=\"https:\/\/paginaendesarrollo.com\/abogados\/guia-completa-para-contratos-inmobiliarios-claves-para-una-transaccion-segura\/\">\n                                        \t                                            Leer M\u00e1s                                         <\/a>\n                                                                    <\/div>\n                                                    <\/div><!-- .elementskit-post-body END -->\n                    <\/div>\n                \n            <\/div>\n                    <div class=\"col-lg-4 col-md-6\">\n\n                                    <div class=\"elementskit-post-image-card\">\n                        <div class=\"elementskit-entry-header\">\n                                                            <a href=\"https:\/\/paginaendesarrollo.com\/abogados\/tendencias-en-fusiones-y-adquisiciones-que-esperar-en-el-mercado-actual\/\" class=\"elementskit-entry-thumb\">\n                                    <img decoding=\"async\" src=\"https:\/\/paginaendesarrollo.com\/abogados\/wp-content\/uploads\/2024\/09\/14251.jpg\" alt=\"Tendencias en Fusiones y Adquisiciones: Qu\u00e9 Esperar en el Mercado Actual\">\n                                <\/a><!-- .elementskit-entry-thumb END -->\n                                                                                                    <div class=\"elementskit-meta-lists\">\n                                        <div class=\"elementskit-single-meta\"><span class=\"elementskit-meta-wraper\"><strong>13<\/strong>Sep<\/span><\/div>\n                                    <\/div>\n                                                                                            \n                            \n\t\t\t\t\t\t\t\t\t\t\t\t\t<\/div><!-- .elementskit-entry-header END -->\n\n\t\t\t\t\t\t<div class=\"elementskit-post-body \">\n\t\t\t\t\t\t\t\n\t\t\t\t\t\t\t\t\t\t\t\t\t\t\t\t\t\t\t\t\t\t\t\t\t\n\t\t\t\t\t\t\t\t\n\t\t\t\t\t\t\t\t\t\t\t\t\t\t\t\t\t\t\t\t\t<h2 class=\"entry-title\">\n\t\t\t\t\t<a href=\"https:\/\/paginaendesarrollo.com\/abogados\/tendencias-en-fusiones-y-adquisiciones-que-esperar-en-el-mercado-actual\/\">\n\t\t\t\t\t\tTendencias en Fusiones y Adquisiciones: Qu\u00e9&hellip;\t\t\t\t\t<\/a>\n\t\t\t\t<\/h2>\n\t\t\t\t\t\t\t\t\t\t\t\t\t\t\t\t\t\t\t\t\t\t\t\t\t\t\t\t\t\t\t\t\t\t\t\t\t\t\t\t\t\t<p>En el din\u00e1mico mundo de las fusiones y adquisiciones (M&amp;A), mantenerse al tanto de las tendencias actuales es crucial para&hellip;<\/p>\n\t\t\t\t\t\t\t\t\t\t\t\t\t\t\t\t\t\t\t\t\t\t                                                            <div class=\"btn-wraper\">\n                                    \n                                                                            <a class=\"elementskit-btn whitespace--normal\" id=\"\" href=\"https:\/\/paginaendesarrollo.com\/abogados\/tendencias-en-fusiones-y-adquisiciones-que-esperar-en-el-mercado-actual\/\">\n                                        \t                                            Leer M\u00e1s                                         <\/a>\n                                                                    <\/div>\n                                                    <\/div><!-- .elementskit-post-body END -->\n                    <\/div>\n                \n            <\/div>\n                <\/div>\n       <\/div>\t\t<\/div>\n\t\t\t\t<\/div>\n\t\t\t\t\t<\/div>\n\t\t<\/div>\n\t\t\t\t\t<\/div>\n\t\t<\/section>\n\t\t\t\t<section class=\"elementor-section elementor-top-section elementor-element elementor-element-7f4ebe7 elementor-section-boxed elementor-section-height-default elementor-section-height-default wpr-particle-no wpr-jarallax-no wpr-parallax-no wpr-sticky-section-no\" data-id=\"7f4ebe7\" data-element_type=\"section\">\n\t\t\t\t\t\t<div class=\"elementor-container elementor-column-gap-default\">\n\t\t\t\t\t<div class=\"elementor-column elementor-col-100 elementor-top-column elementor-element elementor-element-796edcc\" data-id=\"796edcc\" data-element_type=\"column\">\n\t\t\t<div class=\"elementor-widget-wrap elementor-element-populated\">\n\t\t\t\t\t\t<div class=\"elementor-element elementor-element-469ee88 elementor-widget elementor-widget-spacer\" data-id=\"469ee88\" data-element_type=\"widget\" data-widget_type=\"spacer.default\">\n\t\t\t\t<div class=\"elementor-widget-container\">\n\t\t\t\t\t<div class=\"elementor-spacer\">\n\t\t\t<div class=\"elementor-spacer-inner\"><\/div>\n\t\t<\/div>\n\t\t\t\t<\/div>\n\t\t\t\t<\/div>\n\t\t\t\t\t<\/div>\n\t\t<\/div>\n\t\t\t\t\t<\/div>\n\t\t<\/section>\n\t\t\t\t<\/div>\n\t\t","protected":false},"excerpt":{"rendered":"<p>Blog \u00daltimas novedades Blog En nuestro blog podr\u00e1s encontrar p\u00edldoras legales y consejos \u00fatiles y pr\u00e1cticos para empresas, inversores y particulares. 13Sep \u00bfC\u00f3mo Navegar el Mercado de Capitales:&hellip; El mercado de capitales es un espacio crucial para la financiaci\u00f3n de empresas y las oportunidades de inversi\u00f3n. Ya sea&hellip; Leer M\u00e1s 13Sep Gu\u00eda Completa para Contratos Inmobiliarios: Claves&hellip; El mercado inmobiliario es un sector clave para la inversi\u00f3n y el crecimiento econ\u00f3mico, pero tambi\u00e9n implica una serie de&hellip; Leer M\u00e1s 13Sep Tendencias en Fusiones y Adquisiciones: Qu\u00e9&hellip; En el din\u00e1mico mundo de las fusiones y adquisiciones (M&amp;A), mantenerse al tanto de las tendencias actuales es crucial para&hellip; Leer M\u00e1s<\/p>\n","protected":false},"author":1,"featured_media":0,"parent":0,"menu_order":0,"comment_status":"closed","ping_status":"closed","template":"","meta":{"footnotes":""},"class_list":["post-1048","page","type-page","status-publish","hentry"],"yoast_head":"<!-- This site is optimized with the Yoast SEO plugin v23.4 - https:\/\/yoast.com\/wordpress\/plugins\/seo\/ -->\n<title>Blog - Adalon Legal<\/title>\n<meta name=\"robots\" content=\"index, follow, max-snippet:-1, max-image-preview:large, max-video-preview:-1\" \/>\n<link rel=\"canonical\" href=\"https:\/\/paginaendesarrollo.com\/abogados\/blog\/\" \/>\n<meta property=\"og:locale\" content=\"es_ES\" \/>\n<meta property=\"og:type\" content=\"article\" \/>\n<meta property=\"og:title\" content=\"Blog - Adalon Legal\" \/>\n<meta property=\"og:description\" content=\"Blog \u00daltimas novedades Blog En nuestro blog podr\u00e1s encontrar p\u00edldoras legales y consejos \u00fatiles y pr\u00e1cticos para empresas, inversores y particulares. 13Sep \u00bfC\u00f3mo Navegar el Mercado de Capitales:&hellip; El mercado de capitales es un espacio crucial para la financiaci\u00f3n de empresas y las oportunidades de inversi\u00f3n. Ya sea&hellip; Leer M\u00e1s 13Sep Gu\u00eda Completa para Contratos Inmobiliarios: Claves&hellip; El mercado inmobiliario es un sector clave para la inversi\u00f3n y el crecimiento econ\u00f3mico, pero tambi\u00e9n implica una serie de&hellip; Leer M\u00e1s 13Sep Tendencias en Fusiones y Adquisiciones: Qu\u00e9&hellip; En el din\u00e1mico mundo de las fusiones y adquisiciones (M&amp;A), mantenerse al tanto de las tendencias actuales es crucial para&hellip; Leer M\u00e1s\" \/>\n<meta property=\"og:url\" content=\"https:\/\/paginaendesarrollo.com\/abogados\/blog\/\" \/>\n<meta property=\"og:site_name\" content=\"Adalon Legal\" \/>\n<meta property=\"article:modified_time\" content=\"2024-12-23T20:53:41+00:00\" \/>\n<meta property=\"og:image\" content=\"https:\/\/paginaendesarrollo.com\/abogados\/wp-content\/uploads\/2024\/09\/2150377123.jpg\" \/>\n<meta name=\"twitter:card\" content=\"summary_large_image\" \/>\n<meta name=\"twitter:label1\" content=\"Tiempo de lectura\" \/>\n\t<meta name=\"twitter:data1\" content=\"2 minutos\" \/>\n<script type=\"application\/ld+json\" class=\"yoast-schema-graph\">{\"@context\":\"https:\/\/schema.org\",\"@graph\":[{\"@type\":\"WebPage\",\"@id\":\"https:\/\/paginaendesarrollo.com\/abogados\/blog\/\",\"url\":\"https:\/\/paginaendesarrollo.com\/abogados\/blog\/\",\"name\":\"Blog - Adalon Legal\",\"isPartOf\":{\"@id\":\"https:\/\/paginaendesarrollo.com\/abogados\/#website\"},\"primaryImageOfPage\":{\"@id\":\"https:\/\/paginaendesarrollo.com\/abogados\/blog\/#primaryimage\"},\"image\":{\"@id\":\"https:\/\/paginaendesarrollo.com\/abogados\/blog\/#primaryimage\"},\"thumbnailUrl\":\"https:\/\/paginaendesarrollo.com\/abogados\/wp-content\/uploads\/2024\/09\/2150377123.jpg\",\"datePublished\":\"2024-09-12T18:55:40+00:00\",\"dateModified\":\"2024-12-23T20:53:41+00:00\",\"breadcrumb\":{\"@id\":\"https:\/\/paginaendesarrollo.com\/abogados\/blog\/#breadcrumb\"},\"inLanguage\":\"es\",\"potentialAction\":[{\"@type\":\"ReadAction\",\"target\":[\"https:\/\/paginaendesarrollo.com\/abogados\/blog\/\"]}]},{\"@type\":\"ImageObject\",\"inLanguage\":\"es\",\"@id\":\"https:\/\/paginaendesarrollo.com\/abogados\/blog\/#primaryimage\",\"url\":\"https:\/\/paginaendesarrollo.com\/abogados\/wp-content\/uploads\/2024\/09\/2150377123.jpg\",\"contentUrl\":\"https:\/\/paginaendesarrollo.com\/abogados\/wp-content\/uploads\/2024\/09\/2150377123.jpg\",\"width\":2000,\"height\":1335},{\"@type\":\"BreadcrumbList\",\"@id\":\"https:\/\/paginaendesarrollo.com\/abogados\/blog\/#breadcrumb\",\"itemListElement\":[{\"@type\":\"ListItem\",\"position\":1,\"name\":\"Portada\",\"item\":\"https:\/\/paginaendesarrollo.com\/abogados\/\"},{\"@type\":\"ListItem\",\"position\":2,\"name\":\"Blog\"}]},{\"@type\":\"WebSite\",\"@id\":\"https:\/\/paginaendesarrollo.com\/abogados\/#website\",\"url\":\"https:\/\/paginaendesarrollo.com\/abogados\/\",\"name\":\"Adalon Legal\",\"description\":\"\",\"potentialAction\":[{\"@type\":\"SearchAction\",\"target\":{\"@type\":\"EntryPoint\",\"urlTemplate\":\"https:\/\/paginaendesarrollo.com\/abogados\/?s={search_term_string}\"},\"query-input\":{\"@type\":\"PropertyValueSpecification\",\"valueRequired\":true,\"valueName\":\"search_term_string\"}}],\"inLanguage\":\"es\"}]}<\/script>\n<!-- \/ Yoast SEO plugin. -->","yoast_head_json":{"title":"Blog - Adalon Legal","robots":{"index":"index","follow":"follow","max-snippet":"max-snippet:-1","max-image-preview":"max-image-preview:large","max-video-preview":"max-video-preview:-1"},"canonical":"https:\/\/paginaendesarrollo.com\/abogados\/blog\/","og_locale":"es_ES","og_type":"article","og_title":"Blog - Adalon Legal","og_description":"Blog \u00daltimas novedades Blog En nuestro blog podr\u00e1s encontrar p\u00edldoras legales y consejos \u00fatiles y pr\u00e1cticos para empresas, inversores y particulares. 13Sep \u00bfC\u00f3mo Navegar el Mercado de Capitales:&hellip; El mercado de capitales es un espacio crucial para la financiaci\u00f3n de empresas y las oportunidades de inversi\u00f3n. Ya sea&hellip; Leer M\u00e1s 13Sep Gu\u00eda Completa para Contratos Inmobiliarios: Claves&hellip; El mercado inmobiliario es un sector clave para la inversi\u00f3n y el crecimiento econ\u00f3mico, pero tambi\u00e9n implica una serie de&hellip; Leer M\u00e1s 13Sep Tendencias en Fusiones y Adquisiciones: Qu\u00e9&hellip; En el din\u00e1mico mundo de las fusiones y adquisiciones (M&amp;A), mantenerse al tanto de las tendencias actuales es crucial para&hellip; Leer M\u00e1s","og_url":"https:\/\/paginaendesarrollo.com\/abogados\/blog\/","og_site_name":"Adalon Legal","article_modified_time":"2024-12-23T20:53:41+00:00","og_image":[{"url":"https:\/\/paginaendesarrollo.com\/abogados\/wp-content\/uploads\/2024\/09\/2150377123.jpg"}],"twitter_card":"summary_large_image","twitter_misc":{"Tiempo de lectura":"2 minutos"},"schema":{"@context":"https:\/\/schema.org","@graph":[{"@type":"WebPage","@id":"https:\/\/paginaendesarrollo.com\/abogados\/blog\/","url":"https:\/\/paginaendesarrollo.com\/abogados\/blog\/","name":"Blog - Adalon Legal","isPartOf":{"@id":"https:\/\/paginaendesarrollo.com\/abogados\/#website"},"primaryImageOfPage":{"@id":"https:\/\/paginaendesarrollo.com\/abogados\/blog\/#primaryimage"},"image":{"@id":"https:\/\/paginaendesarrollo.com\/abogados\/blog\/#primaryimage"},"thumbnailUrl":"https:\/\/paginaendesarrollo.com\/abogados\/wp-content\/uploads\/2024\/09\/2150377123.jpg","datePublished":"2024-09-12T18:55:40+00:00","dateModified":"2024-12-23T20:53:41+00:00","breadcrumb":{"@id":"https:\/\/paginaendesarrollo.com\/abogados\/blog\/#breadcrumb"},"inLanguage":"es","potentialAction":[{"@type":"ReadAction","target":["https:\/\/paginaendesarrollo.com\/abogados\/blog\/"]}]},{"@type":"ImageObject","inLanguage":"es","@id":"https:\/\/paginaendesarrollo.com\/abogados\/blog\/#primaryimage","url":"https:\/\/paginaendesarrollo.com\/abogados\/wp-content\/uploads\/2024\/09\/2150377123.jpg","contentUrl":"https:\/\/paginaendesarrollo.com\/abogados\/wp-content\/uploads\/2024\/09\/2150377123.jpg","width":2000,"height":1335},{"@type":"BreadcrumbList","@id":"https:\/\/paginaendesarrollo.com\/abogados\/blog\/#breadcrumb","itemListElement":[{"@type":"ListItem","position":1,"name":"Portada","item":"https:\/\/paginaendesarrollo.com\/abogados\/"},{"@type":"ListItem","position":2,"name":"Blog"}]},{"@type":"WebSite","@id":"https:\/\/paginaendesarrollo.com\/abogados\/#website","url":"https:\/\/paginaendesarrollo.com\/abogados\/","name":"Adalon Legal","description":"","potentialAction":[{"@type":"SearchAction","target":{"@type":"EntryPoint","urlTemplate":"https:\/\/paginaendesarrollo.com\/abogados\/?s={search_term_string}"},"query-input":{"@type":"PropertyValueSpecification","valueRequired":true,"valueName":"search_term_string"}}],"inLanguage":"es"}]}},"_links":{"self":[{"href":"https:\/\/paginaendesarrollo.com\/abogados\/wp-json\/wp\/v2\/pages\/1048"}],"collection":[{"href":"https:\/\/paginaendesarrollo.com\/abogados\/wp-json\/wp\/v2\/pages"}],"about":[{"href":"https:\/\/paginaendesarrollo.com\/abogados\/wp-json\/wp\/v2\/types\/page"}],"author":[{"embeddable":true,"href":"https:\/\/paginaendesarrollo.com\/abogados\/wp-json\/wp\/v2\/users\/1"}],"replies":[{"embeddable":true,"href":"https:\/\/paginaendesarrollo.com\/abogados\/wp-json\/wp\/v2\/comments?post=1048"}],"version-history":[{"count":34,"href":"https:\/\/paginaendesarrollo.com\/abogados\/wp-json\/wp\/v2\/pages\/1048\/revisions"}],"predecessor-version":[{"id":2106,"href":"https:\/\/paginaendesarrollo.com\/abogados\/wp-json\/wp\/v2\/pages\/1048\/revisions\/2106"}],"wp:attachment":[{"href":"https:\/\/paginaendesarrollo.com\/abogados\/wp-json\/wp\/v2\/media?parent=1048"}],"curies":[{"name":"wp","href":"https:\/\/api.w.org\/{rel}","templated":true}]}}